1759 is divided by 36.
31
What is the remainder when 82 is divided by 17?
14
Calculate the remainder when 20756 is divided by 194.
192
Calculate the remainder when 64 is divided by 28.
8
Calculate the remainder when 824 is divided by 225.
149
Calculate the remainder when 210 is divided by 71.
68
Calculate the remainder when 922 is divided by 185.
182
Calculate the remainder when 89 is divided by 28.
5
What is the remainder when 586 is divided by 120?
106
What is the remainder when 333 is divided by 24?
21
Calculate the remainder when 323 is divided by 22.
15
Calculate the remainder when 1692 is divided by 25.
17
What is the remainder when 645 is divided by 19?
18
Calculate the remainder when 11584 is divided by 23.
15
Calculate the remainder when 422 is divided by 135.
17
Calculate the remainder when 157 is divided by 8.
5
Calculate the remainder when 241 is divided by 120.
1
What is the remainder when 6748 is divided by 11?
5
What is the remainder when 666 is divided by 243?
180
What is the remainder when 2193 is divided by 19?
8
What is the remainder when 419 is divided by 47?
43
What is the remainder when 97 is divided by 22?
9
What is the remainder when 424 is divided by 3?
1
Calculate the remainder when 272 is divided by 55.
52
What is the remainder when 45 is divided by 29?
16
What is the remainder when 57 is divided by 7?
1
Calculate the remainder when 2088 is divided by 38.
36
Calculate the remainder when 216 is divided by 109.
107
What is the remainder when 1635 is divided by 236?
219
Calculate the remainder when 1139 is divided by 52.
47
What is the remainder when 65 is divided by 4?
1
What is the remainder when 1003 is divided by 24?
19
Calculate the remainder when 58 is divided by 20.
18
What is the remainder when 170 is divided by 94?
76
What is the remainder when 1064 is divided by 273?
245
What is the remainder when 191 is divided by 13?
9
Calculate the remainder when 26 is divided by 18.
8
What is the remainder when 777 is divided by 65?
62
What is the remainder when 5169 is divided by 75?
69
What is the remainder when 41 is divided by 21?
20
What is the remainder when 130 is divided by 1?
0
What is the remainder when 404 is divided by 29?
27
What is the remainder when 685 is divided by 224?
13
What is the remainder when 7270 is divided by 25?
20
Calculate the remainder when 221 is divided by 7.
4
Calculate the remainder when 83 is divided by 79.
4
Calculate the remainder when 1287 is divided by 28.
27
Calculate the remainder when 7186 is divided by 312.
10
Calculate the remainder when 2488 is divided by 10.
8
What is the remainder when 349 is divided by 287?
62
Calculate the remainder when 10186 is divided by 91.
85
Calculate the remainder when 52 is divided by 17.
1
What is the remainder when 82 is divided by 27?
1
Calculate the remainder when 1694 is divided by 16.
14
What is the remainder when 22 is divided by 3?
1
What is the remainder when 13723 is divided by 37?
33
Calculate the remainder when 11 is divided by 6.
5
Calculate the remainder when 181 is divided by 32.
21
Calculate the remainder when 4754 is divided by 56.
50
Calculate the remainder when 391 is divided by 91.
27
Calculate the remainder when 1280 is divided by 637.
6
What is the remainder when 11917 is divided by 20?
17
What is the remainder when 34 is divided by 19?
15
What is the remainder when 14102 is divided by 31?
28
Calculate the remainder when 263 is divided by 127.
9
What is the remainder when 882 is divided by 68?
66
Calculate the remainder when 817 is divided by 20.
17
Calculate the remainder when 1707 is divided by 114.
111
Calculate the remainder when 610 is divided by 22.
16
What is the remainder when 5994 is divided by 79?
69
Calculate the remainder when 281 is divided by 91.
8
Calculate the remainder when 961 is divided by 255.
196
Calculate the remainder when 42 is divided by 2.
0
What is the remainder when 112 is divided by 42?
28
What is the remainder when 1143 is divided by 17?
4
What is the remainder when 92 is divided by 12?
8
Calculate the remainder when 1997 is divided by 222.
221
Calculate the remainder when 716 is divided by 100.
16
What is the remainder when 766 is divided by 8?
6
Calculate the remainder when 4494 is divided by 66.
6
Calculate the remainder when 25 is divided by 6.
1
Calculate the remainder when 386 is divided by 58.
38
What is the remainder when 112 is divided by 36?
4
What is the remainder when 1007 is divided by 13?
6
Calculate the remainder when 95 is divided by 11.
7
Calculate the remainder when 262 is divided by 25.
12
Calculate the remainder when 1229 is divided by 16.
13
Calculate the remainder when 831 is divided by 48.
15
What is the remainder when 423 is divided by 167?
89
What is the remainder when 485 is divided by 81?
80
What is the remainder when 107 is divided by 12?
11
What is the remainder when 492 is divided by 103?
80
Calculate the remainder when 1130 is divided by 35.
10
What is the remainder when 399 is divided by 207?
192
Calculate the remainder when 1295 is divided by 18.
17
Calculate the remainder when 3903 is divided by 16.
15
What is the remainder when 37 is divided by 12?
1
What is the remainder when 125 is divided by 30?
5
Calculate the remainder when 31652 is divided by 17.
15
Calculate the remainder when 143 is divided by 26.
13
Calculate the remainder when 3015 is divided by 100.
15
Calculate the remainder when 61 is divided by 56.
5
What is the remainder when 699 is divided by 167?
31
What is the remainder when 136 is divided by 35?
31
Calculate the remainder when 199 is divided by 8.
7
What is the remainder when 333 is divided by 68?
61
Calculate the remainder when 193 is divided by 28.
25
Calculate the remainder when 101 is divided by 54.
47
What is the remainder when 383 is divided by 77?
75
Calculate the remainder when 45 is divided by 30.
15
Calculate the remainder when 1831 is divided by 261.
4
Calculate the remainder when 3133 is divided by 16.
13
Calculate the remainder when 289 is divided by 145.
144
Calculate the remainder when 119 is divided by 26.
15
What is the remainder when 625 is divided by 17?
13
What is the remainder when 370 is divided by 47?
41
Calculate the remainder when 9306 is divided by 24.
18
What is the remainder when 4701 is divided by 16?
13
What is the remainder when 692 is divided by 117?
107
Calculate the remainder when 31 is divided by 11.
9
Calculate the remainder when 725 is divided by 12.
5
Calculate the remainder when 116 is divided by 91.
25
What is the remainder when 501 is divided by 500?
1
Calculate the remainder when 1246 is divided by 31.
6
Calculate the remainder when 58 is divided by 14.
2
What is the remainder when 254 is divided by 88?
78
Calculate the remainder when 101 is divided by 18.
11
Calculate the remainder when 19 is divided by 3.
1
What is the remainder when 482 is divided by 27?
23
What is the remainder when 831 is divided by 207?
3
Calculate the remainder when 196 is divided by 25.
21
Calculate the remainder when 186 is divided by 31.
0
Calculate the remainder when 445 is divided by 75.
70
Calculate the remainder when 388 is divided by 60.
28
Calculate the remainder when 687 is divided by 112.
15
Calculate the remainder when 5822 is divided by 64.
62
Calculate the remainder when 237 is divided by 37.
15
What is the remainder when 4985 is divided by 6?
5
Calculate the remainder when 1346 is divided by 435.
41
Calculate the remainder when 716 is divided by 72.
68
Calculate the remainder when 496 is divided by 50.
46
Calculate the remainder when 502 is divided by 103.
90
Calculate the remainder when 2181 is divided by 115.
111
What is the remainder when 7132 is divided by 509?
6
Calculate the remainder when 545 is divided by 177.
14
Calculate the remainder when 109 is divided by 6.
1
What is the remainder when 12879 is divided by 161?
160
Calculate the remainder when 627 is divided by 7.
4
What is the remainder when 3671 is divided by 17?
16
What is the remainder when 365 is divided by 46?
43
Calculate the remainder when 105 is divided by 9.
6
What is the remainder when 10635 is divided by 18?
15
What is the remainder when 113 is divided by 46?
21
Calculate the remainder when 7640 is divided by 27.
26
What is the remainder 